j**3 + 8*j**2 - j**3. Let x be d(0). Let p(r) = r + 8. Let a be p(x). Calculate the highest common factor of 3 and a.
1
Let w(j) = -j - 1. Let c be w(-5). Suppose 3*z + 4*s = 53, -z = c*z + 4*s - 83. Calculate the highest common factor of 6 and z.
3
Suppose 12*t = 5*t + 56. What is the greatest common factor of t and 4?
4
Let w = 36 + -18. Let z = 823 - 313. Let s = z + -330. What is the greatest common factor of w and s?
18
Let i = -10 + 10. Let l be (-1 - 1) + (i - -4). Suppose -4*v + 0*p + l = 3*p, v - 6 = 2*p. What is the greatest common divisor of v and 5?
1
Suppose -2*f + 0 = 5*u + 9, 0 = -5*f + 4*u + 27. Suppose -4*c + 7 + 5 = 4*v, v + 3*c = -f. Calculate the greatest common divisor of 2 and v.
2
Let a be 6 + -9 - (-1 - -4). Let l be (-8)/12 - 100/a. Calculate the greatest common divisor of 176 and l.
16
Let j = 278 + -138. Calculate the greatest common factor of 28 and j.
28
Suppose -4*u = -4*h + 4, -4*u + 17 = h + 1. What is the greatest common factor of u and 2?
1
Let g(f) = -f**2 + 18*f - 8. Let c be g(12). Suppose c = 4*w - 40. Calculate the greatest common divisor of 13 and w.
13
Suppose 3*f - 75 = -0*f. Suppose -11*v = -10*v - 5. Calculate the highest common divisor of v and f.
5
Let k = -9 - -6. Let q be (1 + k/6)*0. Let w be (-1)/(q - 1/13). Calculate the highest common factor of w and 104.
13
Suppose 0 = -8*k + 3*k + 225. What is the greatest common factor of 9 and k?
9
Suppose 16*a + 8 = 18*a. What is the greatest common divisor of a and 28?
4
Let c(z) = z**2 + 11*z + 2. Let m be c(-8). Let x = 32 + m. Calculate the highest common divisor of 50 and x.
10
Suppose -11*t + 12*t - 18 = 0. Calculate the highest common divisor of 9 and t.
9
Let y(m) = -m**3 - 11*m**2 + 2*m + 44. Let z be y(-11). What is the greatest common factor of 4 and z?
2
Let o(t) = t**2 + 11*t + 10. Let u be o(-10). Let h = u + 0. Let w = h + 13. Calculate the greatest common factor of 26 and w.
13
Let m(q) = q + 10. Let x be m(-7). Let l be (-1)/(4/28 - (-16)/(-14)). Calculate the highest common divisor of l and x.
1
Let r(c) = -25*c + 4. Suppose 22 = -4*l + 6. Let u be r(l). What is the highest common factor of 13 and u?
13
Let u = 34 - 15. Suppose u = z + 2*q, 5*z + q + 3*q - 113 = 0. Calculate the greatest common divisor of 10 and z.
5
Suppose -o = -6*o + 875. What is the greatest common divisor of o and 25?
25
Let x(o) be the first derivative of -13*o**2 - 6*o - 2. Let s be x(-7). Suppose -66 = -6*v + 3*v. What is the highest common factor of s and v?
22
Suppose 0 = -5*d + d + 32. Let a be d/5*200/16. Suppose 0*l + 2*l = 8. What is the greatest common divisor of a and l?
4
Suppose -52 = -5*d + u, -32 = -0*d - 3*d + u. What is the highest common divisor of d and 1?
1
Let s(m) = 7*m**2 - 3*m**3 + 2 + 4*m**3 + 2*m - 5*m. Let b(j) = -2*j + 4. Let g be b(5). Let d be s(g). Calculate the greatest common factor of 7 and d.
7
Let r be (-2 - -5) + 0 + 0. Suppose 4*p = r*p. Suppose -d = 2*q - 20, d - 15 = -q - p*q. What is the greatest common divisor of d and 110?
10
Suppose -8*i + 3*i + 60 = 0. What is the highest common factor of i and 30?
6
Suppose 2*q = -3*o + 77 + 13, 0 = -2*o + 5*q + 60. Suppose -7*r + 76 = -8. Calculate the highest common factor of r and o.
6
Suppose 5*r - 20 = r. Let x be (-2)/3 + (-454)/(-6). Suppose i + 8 = -3*b + 33, 5*b = 3*i - x. What is the highest common divisor of i and r?
5
Let f(m) = -11*m - 3. Let u be f(-4). Suppose 6*v - v + 65 = 0. Let r = v + u. What is the greatest common factor of 14 and r?
14
Let p(k) = 2*k**2 + 1. Let m = 1 - -1. Let a be (-3 + 4)/(m/(-4)). Let g be p(a). Calculate the greatest common factor of 1 and g.
1
Let a = -64 + 109. Let f = a + -27. Calculate the highest common factor of f and 18.
18
Let z be 1715/6 - (-1)/6. What is the highest common divisor of z and 26?
26
Suppose 4*f = 2*r + 5*f - 220, 5*f + 330 = 3*r. Calculate the highest common factor of 10 and r.
10
Let f = -3 + 4. Suppose 4*u - f = 3. What is the greatest common factor of 2 and u?
1
Let w = 25 + -16. Suppose 10*i - 12 = 6*i. Calculate the highest common factor of w and i.
3
Suppose -3*g + 37 = 4*n, -77 = -7*g + 4*g + 4*n. What is the greatest common factor of g and 95?
19
Let o be 8/(-6) - 2520/(-27). Suppose -6 = -4*g + 10, -3*v + o = 5*g. Calculate the greatest common factor of v and 6.
6
Let i = -88 - -123. Calculate the highest common factor of 10 and i.
5
Suppose -m = 4*m + 5. Let z(h) = 76*h**2 - 2*h - 2. Let c be z(m). Calculate the highest common divisor of 19 and c.
19
Suppose 0 = 11*v - 8*v - 15. Let j(x) = -x - 7. Let m be j(-7). Suppose 5*w + m*a = -a + 124, 4*a - 121 = -5*w. What is the highest common divisor of w and v?
5
Suppose -3*u + 13 = -m - 7, -5*u = -m - 32. What is the highest common divisor of 48 and u?
6
Let f(c) = c**3 - 5*c + 3. Suppose 5*m - 25 = -9*g + 4*g, -g + 7 = 2*m. Let h be f(g). Suppose 3*j - 15 = -2*j. What is the highest common factor of j and h?
3
Let l be ((-4)/(-3))/((-4)/18). Let v be 6/4*l/(-9). What is the greatest common divisor of v and 7?
1
Let t be -6 - (-2)/4*0. Let a be (t/(-5))/(6/40). Let b(i) = i + 6. Let d be b(6). What is the highest common divisor of d and a?
4
Suppose 0*c = 2*w - 5*c - 1, -3 = -3*c. Suppose 2*m + 0*m + k - 44 = 0, -2*m = w*k - 40. What is the greatest common factor of 184 and m?
23
Let p(m) = -m**3 + 7*m**2 - 5*m + 2. Let h be p(6). Suppose -5*f + 194 = -2*x, 0*f + 3*x = -f + 49. Calculate the greatest common divisor of f and h.
8
Let v(r) = r**2 - 17*r - 20. Let l be v(19). What is the highest common factor of 198 and l?
18
Let t = 24 - 22. Calculate the greatest common divisor of 18 and t.
2
Suppose l - 56 = -2*z, 3*z - l + 0*l = 94. Suppose -10 = 4*m + z. Let x = m - -24. Calculate the highest common divisor of x and 126.
14
Let o(d) = d**2 + 13*d - 21. Let l be o(-15). Let c = 27 - l. What is the greatest common divisor of 6 and c?
6
Suppose z = -0*z. Let c = 5 - 6. Let n be z + 0 + c - -64. What is the greatest common factor of 7 and n?
7
Suppose -a + 2*h + h + 204 = 0, 4*h - 784 = -4*a. Calculate the highest common factor of a and 18.
18
Let w = -41 - -102. Suppose -17 = 2*f - w. Calculate the greatest common factor of 55 and f.
11
Let q be (-1)/(-2)*(5 + -1). Suppose q*d + 40 = 7*d. What is the greatest common divisor of d and 8?
8
Suppose -2*b = -b - 140. Calculate the greatest common factor of 20 and b.
20
Suppose 2*r = -8, 3*y + 0*r = -2*r + 37. What is the greatest common factor of 25 and y?
5
Suppose 7*m - 126 = -2*m. Calculate the greatest common divisor of 28 and m.
14
Let c be ((-88)/(-32))/((-1)/(-56)). Let b = 45 + -23. What is the highest common divisor of b and c?
22
Let d = 21 + -14. Let c(f) = 2*f**2 - 6*f + 10. Let p be c(d). What is the greatest common divisor of p and 44?
22
Suppose 8*o - 396 = 4*o. Let f(x) = -6*x + 3*x - 2 + 4. Let t be f(-3). Calculate the highest common factor of o and t.
11
Suppose -4*q + 12 = -4. Calculate the highest common divisor of q and 16.
4
Let m(f) = f**2 - 2*f - 21. Let b be m(7). Calculate the highest common divisor of b and 56.
14
Let m = 23 + -1. Suppose -f = -12*f + 968. What is the highest common factor of m and f?
22
Let k = 26 + -11. Let u be ((-2)/3)/((-5)/(-45)). Let q(r) = r**2 + 4*r + 3. Let h be q(u). What is the greatest common factor of h and k?
15
Let p = 189 + -57. Calculate the greatest common divisor of p and 33.
33
Let y = 63 - 39. What is the greatest common factor of 6 and y?
6
Let u = 148 + -114. Calculate the greatest common divisor of 2 and u.
2
Let d(q) = -9*q - 5. Let a be d(-3). Calculate the greatest common divisor of 242 and a.
22
Suppose -c = -3*y + 13, 3*y + 3 = -5*c - 8. Suppose -4*m + 13 = -y. Calculate the highest common factor of m and 44.
4
Suppose -5*w + 2*d = -26, 0 = -5*w - 6*d + 2*d + 8. Calculate the highest common factor of w and 44.
4
Suppose -5*h + 10 + 0 = 0. Suppose h*x - 200 = -2*x. What is the highest common divisor of 5 and x?
5
Suppose 3*y + y = -2*n + 136, -285 = -4*n + 5*y. Calculate the highest common divisor of n and 7.
7
Let i = 6 - 2. Let u(w) = w**3 + 5*w**2 - 6*w + 2. Let m be u(-6). Suppose m*y + y - 108 = 0. Calculate the highest common factor of y and i.
4
Suppose -4 = -2*i + 6. Suppose i*n - 72 = 58. What is the greatest common divisor of 13 and